-5*f - l = -f. Let p = 84 + f. Calculate the remainder when p is divided by 17.
13
Calculate the remainder when (-2329)/(-4) - (-490)/280 is divided by 83.
3
Suppose 2*o - 10 = -0*o. Let j(b) = 5*b - 4 + 0*b**3 - 13*b + 8*b**3 - 4*b**2 - 7*b**3 + 7*b. Calculate the remainder when 62 is divided by j(o).
14
Let q = 9331 + -9083. Suppose 8*u - 65 = 3*u - 5*k, 3*k = 3*u - 63. What is the remainder when q is divided by u?
10
Suppose 11*c - 4*c = 6*c. Suppose c = -4*z - 5*v + 56, v = -9*z + 4*z + 91. Suppose -z - 69 = -8*o. Calculate the remainder when 27 is divided by o.
5
What is the remainder when 323 is divided by (-244)/549 - 1012/(-9)?
99
Suppose -c + 2*x + 42 = 0, 0 = 3*c + 2*x - 18 - 148. What is the remainder when 324 is divided by c?
12
Suppose 3*n - 2*v - 363 = 0, 0 = n + 844*v - 848*v - 111. What is the remainder when n is divided by 8?
3
Calculate the remainder when -2*(-9 + 5 + -1348) is divided by 123.
121
Suppose 248*b - 3915 - 10853 = -36*b. Calculate the remainder when 6416 is divided by b.
20
Suppose -49244*j - 3766 = -49246*j. Calculate the remainder when j is divided by 316.
303
Let g be -62 + 64 + 0/(-1). Suppose -g*f + 267 = 5*n, 67 = f - 3*n - 83. What is the remainder when f is divided by 67?
7
Let k be (1 + -37)*(-7)/(-28)*-1. Suppose 0 = 5*d, -6*v + d = -7*v + k. What is the remainder when 15 is divided by v?
6
Suppose 0 = 3*j - 279 - 516. Suppose -9*c - 94 = -j. Suppose v = -v + 68. What is the remainder when v is divided by c?
15
Let l = 419 - 386. Suppose l*z + 161 = 1844. What is the remainder when 253 is divided by z?
49
Suppose -y + 2*c = -1 - 6, -2*c + 7 = y. Suppose -y*f + 177 = -5. What is the remainder when (-77 - (-5 - -1))*-1 is divided by f?
21
Let i = 9780 + -9763. What is the remainder when 2003 is divided by i?
14
Let c be (62/(-3))/((-122)/27084). Suppose c - 628 = 36*g. What is the remainder when g is divided by 3?
2
Let a be (-11)/(1/25*(-5)/(-2)). What is the remainder when 45 is divided by (-3)/2 + a/(-20) + -2?
1
Let j(y) = -200*y - 3593. Calculate the remainder when 620 is divided by j(-18).
4
Let p(s) = -s**2 + 7*s - 3. Let h(l) = l**2 - 5*l - 11. Let x be h(6). Let w be p(x). What is the remainder when 2*-1 - w - 0/(-6) is divided by 33?
28
Suppose -3*h + 432 = l, -13*l = -10*l + 3*h - 1314. Calculate the remainder when l is divided by 5.
1
What is the remainder when -7*498/(-7) - -15 is divided by 88?
73
Let a(r) = r**3 - 9*r**2 + 5*r - 3. Let x be a(8). Let w = x + 20. Let h = 33 + w. What is the remainder when h is divided by 21?
5
Calculate the remainder when (-38)/209 - (-38046)/(-374)*(-3)/1 is divided by 45*1 - (3 - 2).
41
Suppose -9*u + 12*u = 5*y - 83144, -5*y - 4*u = -83158. Calculate the remainder when y is divided by 24.
22
Let m be 0/5 + (-2 + 0 - -5). Suppose 0 = -m*x + 2*k + 15, 2*k + 3 = -4*x + 3*x. Suppose -91 - 2 = -x*w. Calculate the remainder when w is divided by 11.
9
Let z = 144 - 145. What is the remainder when -1 - -2 - z - 2328/(-24) is divided by 34?
31
Let g = 7377 - 6528. What is the remainder when g is divided by 16?
1
Let m = -4685 - -4747. What is the remainder when 310 is divided by m?
0
Let p = 376 + -342. Calculate the remainder when 3*1 + 186 + 2 + 10 is divided by p.
31
Let d(x) = -x**2 + 32*x - 219. What is the remainder when 449 is divided by d(11)?
5
Suppose -10*i = -3069 + 2919. What is the remainder when 28 is divided by i?
13
Let f = -83 + 87. Suppose -w + 3 + 0 = s, f*w - 2 = -2*s. What is the remainder when s is divided by 5?
0
Let t = -52 + 28. Let q = t - -49. Suppose 6*p = p + q. What is the remainder when 17 is divided by p?
2
Let f = -205 - -207. Suppose 19*l = 24*l + 3*d - 136, 4*l - f*d = 122. Let n(v) = -24*v - 7. What is the remainder when n(-5) is divided by l?
26
Let p(u) = -4*u - 4. Let h be p(-4). Let a be h/(81/30 - 3). Let s = a - -66. Calculate the remainder when s is divided by 12.
2
Let x = -21232 + 21378. What is the remainder when x is divided by 20?
6
Suppose -23*m + 25*m = 5*w + 198, 5*m + 5*w - 425 = 0. What is the remainder when 867 is divided by m?
66
Suppose -3*h + 2*s = -146, 3*s + 64 + 35 = 2*h. What is the remainder when 97 is divided by h?
1
Let z(a) = -111 + 226 - 2*a + 27. Calculate the remainder when z(-4) is divided by 38.
36
Suppose -37*w = 176 + 12256. Let c = w - -587. Calculate the remainder when c is divided by 15.
11
Let n be ((-9)/((-270)/(-770)))/((-2)/6). Suppose -2*a + n = v, -163 = -4*a - 14*v + 9*v. What is the remainder when 182 is divided by a?
34
Let y(z) = -22*z**3 - 3*z**2 + 2. Suppose 26*b - 21*b = 455. Calculate the remainder when b is divided by y(-1).
7
Suppose 3*k - 3*d = 133 - 19, 157 = 4*k - 3*d. Let p = 80 - k. Let b = p + -24. Calculate the remainder when 36 is divided by b.
10
Let a(d) = 64*d - 1380. Let p(x) = 25*x - 552. Let c(y) = 5*a(y) - 12*p(y). Calculate the remainder when c(22) is divided by 12.
8
Suppose -r + 473 = -2*y + 4*r, 2*r = 3*y + 726. Let b = y + 290. What is the remainder when 364 is divided by b?
42
Let g(y) = 14*y - 6. Suppose -3*v - 24 = 111. Let d = v - -58. What is the remainder when g(5) is divided by d?
12
Let c(b) = -b + 3. Let r be c(-7). Suppose -28*t + 29 + 27 = 0. Suppose 3*a + 3*i - 18 = 0, -t*a + i + r = -5. What is the remainder when 23 is divided by a?
2
Let g = 121 - 225. Let v be (65/26)/((-3)/(-24)). What is the remainder when 10/4*(-5)/(v/g) is divided by 11?
10
Let l(m) = -3*m - 3. Let c be l(-1). Suppose -5*i - 4*t + 277 + 87 = c, 3*i = 2*t + 236. Calculate the remainder when i is divided by 26.
24
Let l(q) = 61*q**2 - 1. Let g be l(-1). Suppose -2*u = 2*k - g, 4*k - 2*k - 48 = -5*u. Suppose k + 32 = n. Calculate the remainder when n is divided by 24.
18
Let c = -519 + 555. Calculate the remainder when 2405 is divided by c.
29
Suppose -49*m + 185*m - 2587 + 411 = 0. Calculate the remainder when 172 is divided by m.
12
Let x(r) = -2*r + 60. Let q be x(11). Suppose 0 = -0*j + j + 6. Let b = q + j. Calculate the remainder when 63 is divided by b.
31
Let j(a) = a**2 - 4*a + 12. Let x be 154 + -12 + 8 - 2. Let v = x - 133. Calculate the remainder when j(8) is divided by v.
14
Suppose -212 = -0*i - 2*i. Suppose 4*w + w - i = -a, -2*a + 2 = 0. Calculate the remainder when (-123)/(((-36)/32)/(75/100)) is divided by w.
19
Let r(n) be the second derivative of n**3/3 + 6*n**2 - 7*n - 2. What is the remainder when 59 is divided by r(9)?
29
Suppose 0 = -x - 453*a + 452*a + 67, 0 = -2*x + 4*a + 92. What is the remainder when 2998 is divided by x?
58
Let b be -2 + (0 - -1) + 5. Suppose 2*g = b*g - 2*p - 20, -2*g - 5*p = -34. What is the remainder when ((-220)/90 + 40/90)/(2/(-20)) is divided by g?
8
Let h(p) = -10*p + 122. Calculate the remainder when h(-12) is divided by 63.
53
Suppose -22050 + 47360 = 2444*d - 34646 - 30472. Suppose 0*j = -4*j + 952. Calculate the remainder when j is divided by d.
16
Let a be (-170)/(-15) + -1 + 4/6. Suppose -3*g = 4*y - 109, -4*y - a = -4*g - 127. What is the remainder when 55 is divided by y?
27
Let z = 6526 - 6314. Calculate the remainder when 239 is divided by z.
27
Let x be (-2 + 0)/(24/(-324)). Suppose -6*a + 69 = -x. Suppose -5*p + 30 = -4*f, -5*f - 5 = 5*p + 10. Calculate the remainder when a is divided by p.
0
Suppose 0 = r - 6*r + 3*a + 130, 5*a - 25 = 0. Let l = -12 + 25. Let g(i) = i**2 - 11*i - 10. What is the remainder when r is divided by g(l)?
13
Let v(g) = 1. Let p(a) = 6*a - 17. Let u(k) = -p(k) - 6*v(k). Let d be u(-5). Let h = -35 + d. Calculate the remainder when h is divided by 5.
1
Let b = 49 + -26. Suppose 92*o = -721 + 1089. What is the remainder when b is divided by o?
3
Let z = 9127 + -9021. What is the remainder when 216 is divided by z?
4
Let m(n) = n**2 - 7*n + 275. What is the remainder when m(0) is divided by 175?
100
Suppose -609*p + 312*p - 8748 = -315*p. Calculate the remainder when p is divided by 440.
46
What is the remainder when ((-17887)/(-62))/(153/18 + -8) is divided by 228?
121
Suppose 0 = -3*r + s + 5920, -4 = -23*s + 21*s. Calculate the remainder when r is divided by 25.
24
Let d(q) = -q**3 + 7*q**2 + 8*q. Let l be (-1*6)/(21/(-28)). Let i be d(l). Suppose i = -x + 44 - 13. Calculate the remainder when 61 is divided by x.
30
Let o be (-16)/(-10) + 32/80. Let x be 5 + (1 - (-32)/o). Wha